 -3*d - 44 = -7*d. What is the remainder when 20 is divided by d?
9
Let k be (-2)/((-6)/45) - 1. Suppose 5*c - k = 51. Calculate the remainder when c is divided by 7.
6
Suppose 4*u - 19 = 3*d, u = 2*u - 1. Let g = -3 - d. Calculate the remainder when 14 is divided by g/(-7) - 74/(-14).
4
Let g(p) = p**2 - 2*p - 6. What is the remainder when g(7) is divided by 17?
12
Let p(x) = -x**2 - 5*x + 2. Let q be p(-3). Suppose 5*i = -5*z - 0*z + 10, 4*z - i = q. What is the remainder when (-39)/(-2) + (-1)/z is divided by 7?
5
Let u(k) = k**3 + 8*k**2 - k - 3. Let n be u(-8). Let x = -4 + n. What is the remainder when 16 is divided by x + 0 - 4*-2?
7
Suppose -4 - 26 = -10*m. Let b(v) = v**2 - 4*v + 4. Calculate the remainder when b(4) is divided by m.
1
Suppose 0 = -4*b + 2*v + 14, -2*b + v + 16 = 3*v. Suppose 3*t + 50 = b*t. What is the remainder when t is divided by 14?
11
Let l = -295 - -2549. Calculate the remainder when (-2)/5 + l/35 is divided by 13.
12
Let k(j) = -3*j - 17. Let p be k(-7). Suppose 0 = i + p*t - 57, -2*i = -i - 2*t - 75. What is the remainder when i is divided by 24?
21
Suppose -2*r + 6 = 2. Let k be ((-5)/10)/(r/56). Let m = k + 30. Calculate the remainder when 61 is divided by m.
13
Let f(l) = 17*l**2 + 2*l - 1. Calculate the remainder when 64 is divided by f(1).
10
Suppose 8*t - 3*t - 110 = 0. What is the remainder when t is divided by 56/(-12)*(-72)/28?
10
Suppose -u + 0*u = -4*h - 148, 5*h + 198 = -2*u. Let s = h - -61. What is the remainder when 43 is divided by s?
20
Let b be (-1)/2*(4 - 4). Suppose 0 = 4*p - 5*k - b*k + 4, -k = -2*p + 4. What is the remainder when 10 is divided by p?
2
Let q = -23 + 48. Suppose -36 - 162 = -2*i. Calculate the remainder when i is divided by q.
24
Suppose -2*h = -1 - 1, -3*r = -4*h - 5. Suppose r*q = -q + 56. Calculate the remainder when q is divided by 8.
6
What is the remainder when ((-45)/(-10))/(1/6) is divided by 9?
0
Let b = 8 + -7. Let d(h) = 9*h**3 + h**2. Calculate the remainder when d(b) is divided by 3.
1
Let j(z) = -2*z - 5. Let q = 3 + -1. Suppose -q*i - 8 = -0*i. What is the remainder when 8 is divided by j(i)?
2
Suppose 0*n = p + 5*n - 28, -86 = -5*p + 2*n. Suppose 0 = -2*g + 3*k + 36 - 8, 0 = -2*g + 5*k + 32. What is the remainder when p is divided by g?
7
Let w(o) = o**2 + 2*o + 2. What is the remainder when 32 is divided by w(-5)?
15
Let i(j) = j**2 - 3*j - 2. Let d be i(5). Let b = d + -1. Suppose 0*g - 3*g + 39 = 0. What is the remainder when g is divided by b?
6
Let s(r) = 8*r - 3*r**2 + 5*r**2 + 2*r - 3 + 0*r**2. Suppose 5*t - 39 = 21. Calculate the remainder when s(-8) is divided by t.
9
Suppose 5*b = 20, 2*b - 8 = 7*p - 2*p. Let d be (15/6 + -2)*p. Suppose d*j + 2*j - 90 = 0. What is the remainder when j is divided by 12?
9
Suppose 12*k = 20*k - 40. What is the remainder when 27 is divided by k?
2
Let s = 137 - 135. Let g(o) = -5*o**2 + 20*o - 12. Let u(j) = -2*j**2 + 7*j - 4. Let k(i) = -3*g(i) + 8*u(i). What is the remainder when k(-4) is divided by s?
0
Let m(j) = 10*j**2 - 1. What is the remainder when m(2) is divided by 11?
6
What is the remainder when 6/((-6)/2) - (-59 + 1) is divided by -38*(-2)/4 - 0?
18
Suppose 84 = x + 2*x. Suppose o + 2*o = 0. Suppose -u + 14 + 1 = o. What is the remainder when x is divided by u?
13
Let m = 24 - 14. Let z(o) = -o**3 + 7*o**2 - o + 2. Let n be z(6). Suppose -2*r - n = -5*t - 0, 2*r - m = -2*t. What is the remainder when 16 is divided by t?
4
Let r(b) = 2*b + 1. Let m be r(2). Suppose 3*i - 8*i = -3*a + 58, -a - m*i = -6. Calculate the remainder when a is divided by 9.
7
Suppose 3*y = 0, -2*y + 13 + 5 = -3*b. Let g be 1/(-2)*(0 - b). What is the remainder when 2 is divided by (2/7)/(g/(-21))?
0
Suppose 0 = 2*w + 2*w. Let k(h) = -h**3 + h**2 + 52. Suppose -2*u - 36 = -4*u. What is the remainder when k(w) is divided by u?
16
Let d(z) = z**2 - 2*z + 2. Let y be d(6). What is the remainder when 47 is divided by -4*1/2 + y?
23
Suppose 3*l - 7 = 8. Suppose 2*j - 7*j = -2*t + 11, -l*j = -t + 3. Suppose 17 = 3*v - 5*g, -2*g = -v + g - 1. Calculate the remainder when v is divided by t.
6
Suppose -5*y + 90 = 5*o, o - y = -4*y + 22. Let t = -9 + 18. Calculate the remainder when o is divided by t.
7
Let k(p) = p**3 + 13*p**2 - 31*p + 36. What is the remainder when k(-15) is divided by 26?
25
Suppose -31*p = -28*p - 90. Calculate the remainder when p is divided by 8.
6
Let s(t) = t**2 + 2*t + 2. Let m(x) = x**2 - 2*x - 2. Calculate the remainder when m(-3) is divided by s(-3).
3
Let k(o) = 18*o - 19. Calculate the remainder when k(5) is divided by 19.
14
Let u(h) = -h**2 + 9*h - 6. Let x be u(8). Suppose x*b = b + 20. Let p(g) = 5*g + 8. Calculate the remainder when p(6) is divided by b.
18
Let n = -15 - -30. Calculate the remainder when 28 is divided by n.
13
Let p(b) = 9*b**3 - 21*b**2 + 6*b - 3. Let d(x) = 5*x**3 - 11*x**2 + 3*x - 2. Let f(o) = -7*d(o) + 4*p(o). What is the remainder when f(7) is divided by 12?
11
Suppose 0 = -2*f - 4*o + 72, 0*o - 16 = -f + 3*o. Calculate the remainder when 37 is divided by f.
9
Let w be -18*4/(-8) + -1. Suppose -23 = -x - w. What is the remainder when 28 is divided by x?
13
Let u(j) = j**3 - j**2 - j + 64. Calculate the remainder when u(0) is divided by 11.
9
Let c = -13 - -18. Suppose -5*h + 45 = 3*o, -15 = -c*h + 2*o + o. Suppose -3*f + 57 = h. Calculate the remainder when f is divided by 9.
8
Suppose -d + 2 = -0*d. Suppose p = -5*o + 60, -d*p - 2*p - 24 = -2*o. What is the remainder when 58 is divided by o?
10
Suppose t = -0*t + 1. What is the remainder when (46/(-8))/(8/(-32)) is divided by 1 + (2 - -9*t)?
11
Let l(x) = x**3 - 3*x**2 + 0*x**3 - 2 + 2*x**3 - 2*x**3 - 6*x. What is the remainder when 34 is divided by l(5)?
16
What is the remainder when (-5)/(-1 - (-3 - -3)) is divided by 3?
2
Suppose 4*s + 16 = 0, -5*b - s + 14 = -22. What is the remainder when 29 is divided by b?
5
Suppose -4*r = -3*t + 161, 2*t - 247 = -3*t - 4*r. What is the remainder when t is divided by 27?
24
Let s(o) = o + 2. Let t be s(0). Suppose -3*u + t*u = 5*j + 16, -3*u - 3*j - 12 = 0. What is the remainder when 11 is divided by (12/30)/(u/(-10))?
3
Suppose 0 = -3*z + 5*o + 47, 3*z - 57 = -0*z + 3*o. Let r(i) = i**2 - 3*i + 1. Let u be r(5). Let f = z - u. What is the remainder when 24 is divided by f?
11
Suppose l + k = 33, 0 = 3*l - l - 4*k - 36. What is the remainder when l is divided by 15?
13
Let x(s) = -s**2 + s + 3. Let g be x(2). Suppose 6*i - 12 = 2*i. Calculate the remainder when 24/3 + -2 + g is divided by i.
1
Let y(i) = i**2 - 4. Let w be y(4). Let h = -6 + w. What is the remainder when 17 is divided by h?
5
Let p(d) = -d**3 + 4*d**2 + 4*d - 6. Let f(g) = g**2 + 4*g - 4. Let v(u) = -u. Let a be v(6). What is the remainder when p(3) is divided by f(a)?
7
Let k(d) = 5*d + 2. Suppose 2*y - 4*y + 6 = 0. Suppose 2*p - 9 = v, 0*p + 3*p + y = -4*v. What is the remainder when k(p) is divided by 9?
8
Suppose -7*j + 36 = -j. Let h = -28 + 58. Suppose 5*n - h + 10 = 0. What is the remainder when j is divided by n?
2
Let o(x) = x - 4. Let n be o(5). Let z(g) = 13*g**2 + 1. Let w be z(n). Let u = w - 8. Calculate the remainder when 17 is divided by u.
5
Let n(t) be the third derivative of -t**5/60 + 3*t**4/8 - t**3/2 + 10*t**2. Let v be (-51)/(-7) + (-2)/7. Calculate the remainder when 21 is divided by n(v).
10
Suppose 0 = 2*h - 0*h - 56. Let q = -9 + h. What is the remainder when 1 + (-3 + 213)/6 is divided by q?
17
Suppose -s + 10 = s. What is the remainder when 182/21 + (-2)/(-6) is divided by s?
4
Let h = -7 + 10. Suppose -5*n - 4 = 2*x - 6*x, -h*n + 4*x - 4 = 0. Suppose 2*d + n*d - 38 = 0. Calculate the remainder when d is divided by 10.
9
Let x = -17 + 19. What is the remainder when 40 is divided by x/(-4)*(10 - 38)?
12
What is the remainder when ((8/6)/4)/((-3)/(-1017)) is divided by 29?
26
Let r = 6 - -8. What is the remainder when 37 is divided by r?
9
Suppose 0 = -5*t - q + 54, -2*q - 6 - 16 = -3*t. Let r = t + -2. Calculate the remainder when 13 is divided by r.
5
Let m(h) be the third derivative of h**5/60 - h**4/12 - h**2. What is the remainder when 44 is divided by m(-3)?
14
Let s(i) = -3*i - 4. What is the remainder when 16 is divided by s(-3)?
1
Suppose -3*b - 2*b + 35 = 0. Suppose -2*j + j = -b. Le